+ 82 + -44?
10
What is (10 - 0) + (130 - (83 + 20))?
37
Evaluate (-91 - 3) + (15 - -3 - (0 + 20 - -2)).
-98
60 - (-3 + 7 + 43) - (0 - 42)
55
What is the value of -91 + (9 - (15 + -4)) + (-62 - -75)?
-80
What is the value of 10 - 3 - -1 - 0 - ((-6 - -21) + -24)?
17
What is the value of (-16 + 2 - (238 + -230)) + 4 + -8 + 0?
-26
What is -25 - (81 + (-149 - -40))?
3
Calculate 2 + -2 + -8 + 2 - (-42 + 36).
0
What is the value of (40 - (16 + 24 + -13)) + -6?
7
What is 0 + 14 - (-148 + 163 - (-3 + -34))?
-38
What is 1857 - 1875 - (1 + -7 - (-62 + -3))?
-77
48 + 7 - (43 + 13 + -66)
65
What is (48 - -37) + 25 + -31?
79
-7 + 1 + 45 + 5 + -56 + 10 + -3
-5
What is (-80 - -57) + -11 + 47 + 7?
20
What is (157 - -122) + (-25 - 121)?
133
What is the value of 5 + -21 + (21 - 2) + -20 + 121?
104
What is the value of (31 - -55) + -47 - 80?
-41
2 - -103 - (3414 + -3390)
81
Evaluate 35 + 45 + (-41 - 41).
-2
0 + 27 + (96 - (95 + -13))
41
What is (17 + -150 - -110) + (28 - -1)?
6
What is the value of 2 + 14 + -120 + -138 + 150?
-92
-53 - (-84 + 24) - -20
27
(-5 + 50 - 62) + (-14 - -2)
-29
Evaluate (199 - (404 - 194)) + 1 + 12.
2
What is 69 - (-2 + 24 + -3)?
50
Evaluate -70 - (-63 - (71 + -28)).
36
What is 0 + -74 + (175 - 99 - 71)?
-69
What is the value of 1 + 12 + -1 - (-17 - 67) - 4?
92
What is the value of -21 + (93 + -82 - (-5 - (-7 - 2)))?
-14
Evaluate -8 - (46 - (-53 + 119)).
12
Evaluate 61 + -48 - (64 - 0 - (-8 - -5)).
-54
What is the value of -51 - -50 - (1 - (-7 + 0)) - (-8 - 57)?
56
Evaluate 59 + (-164 + 225 - (-6 + 50)).
76
(-41 - (1 - -1)) + (-40 - -18) + 21 - -6
-38
Evaluate -3 + 3 + (9 - (-6 + 8 + 5) - 12).
-10
(7 - 53) + 30 + -26
-42
Evaluate 13 - (-6 + -40 + 35) - -32.
56
What is the value of 3 - (-1 + 15 + (38 + -43 - -6))?
-12
22 - (13 + 4) - -37 - (3 + 1 + -10)
48
(-2 - (6 - -5) - -6) + (7 - -41)
41
(-140 - -175) + 56 + -212
-121
-33 + 17 + -73 + -15 + 15
-89
(-9 + 9 - -28) + -185 + 156
-1
-280 - -47 - -76 - -97
-60
24 + (55 - 106) - -48
21
What is the value of 77 - (31 + -31 - -44)?
33
What is 21 - (-50 - -70 - -27)?
-26
What is the value of 36 - ((84 - 23) + -15) - (52 - -1)?
-63
104 - 0 - (-2 + 6 - ((-2 - -12) + -13))
97
Evaluate 23 + 34 + -22 + 1 + -1 + 6 + -9.
32
What is 39 + 18 + 13 - 22?
48
Calculate -41 + -1 - (-125 + -91 + 260).
-86
Evaluate (1 - (2 - 1)) + (208 - (139 - 17)).
86
What is -67 - (31 + (-2 - -12)) - 10?
-118
What is -53 + 49 + (0 - (-4 - -5) - 6 - -32)?
21
What is the value of 44 + -33 + 39 + -29?
21
Calculate -60 + 108 + -89 - -33.
-8
Evaluate -10 - ((-100 - 1 - -3) + (67 - 59) - 10).
90
Calculate 7 - (10 + (4 - (-5 + (29 - -3))) + -1).
21
What is -4 + -32 + 37 + -47 + 33 + -1 + -46?
-60
Evaluate 78 - 72 - (-110 + (4 + 1 + -4 - -5)).
110
What is the value of -27 + 95 + (-84 - -41)?
25
What is the value of (16 - 2 - 1) + (-37 + 126 - 53)?
49
Evaluate -11 + 9 - (96 + -164).
66
Calculate 3 + -18 - (12 - 0 - 4) - 12.
-35
What is -99 - (-160 + (88 - 26))?
-1
-55 - (-31 - -13 - -27 - 34)
-30
Evaluate -11 + -18 - 14 - (-5 + 5 + -2).
-41
19 - (138 - (-5 - -152))
28
25 + (-10 - -20) - (-13 + (16 - 0))
32
Calculate 37 + (-6 - (-11 - (-15 + 15) - -15)).
27
Evaluate (360 - 342) + (1 - 5) + -1 + -12.
1
Evaluate (10 - (-25 + 42)) + -87 + -11.
-105
What is -7 + (-8 - (19 + -93 + (3 - 2)))?
58
What is (9 - -29) + (374 - 474)?
-62
Evaluate (-85 - (51 + -110)) + 77.
51
Evaluate -1644 - -1730 - (0 - -42).
44
What is 2 + 51 + (4 - (-14 + 16 - (-3 - 8)))?
44
Calculate -10 - ((61 - 40) + -62 + 8).
23
What is the value of 1 + 12 + 0 - (-29253 - -29209)?
57
What is (-31 - ((36 - 20) + -28)) + 21?
2
(-4 + 1 - 8) + 28 + 14 + 23 - -9
63
What is the value of (-5 - -2) + 1 + -1 - (-173 - (-69 - 55))?
46
Calculate -9 - (1 - 4) - (7 - (22 - 8)).
1
Calculate 33 + (2 - 10 - -42) + -29.
38
What is the value of -22 - (-16 + 56 + -15 + 3)?
-50
Calculate 87 - (-43 - -65 - -15).
50
(19 + -15 - 3 - 35) + 18
-16
Evaluate -113 + 181 + -57 - -92.
103
-11472 + 11458 + 0 + (0 - 1) + 1
-14
What is the value of 8 + -31 - -11 - (10 - 4 - 6)?
-12
-32 + -32 + 51 + (7 - (30 + 6))
-42
What is the value of (-10 + 18 - -8) + -21 - (-6 + 63)?
-62
Calculate (40 + 2 - 5) + 30 - 13.
54
Calculate (-81 - 0) + (-36 + 21 - (14 + -10)) + 30.
-70
What is 72 - (122 + -61) - 0?
11
Evaluate -20 + (25 - 5) - (5 - -1 - 1).
-5
What is the value of 20 - (-23 - -1 - -26) - -25?
41
What is the value of -6 - (6 - 45 - (-24 - (-11 - 6)))?
26
What is the value of (-272 - -242) + 3 + -4 + 101?
70
19 - (-3 - (-4 + (11 - 5)) - (35 - 46))
13
What is the value of 24 - 146 - (-23 - 21)?
-78
What is 3 + -14 + 10 - (-1 - -26)?
-26
13 + -20 + 33 + (-144 - -115)
-3
What is 1153 + -1152 - ((49 - 2 - (4 + -4)) + -1)?
-45
What is the value of 0 + -23 - (67 + -42 + 42)?
-90
What is the value of -21 + 651 + -661 + 7 + 1?
-23
What is the value of -34 - ((-54 - (41 - 73)) + (11 - 0))?
-23
What is the value of (47 - 39) + 8 + -5 + -23?
-12
What is (0 + -6 + -4 - -2) + (-35 - (57 + -18))?
-82
Evaluate (0 - (16 + -13 + -1)) + -2 - 32.
-36
What is 50 - ((53 - 68) + 21)?
44
What is the value of 13 + -26 + -29 - -3?
-39
What is 130 - 122 - 34 - -102?
76
119 - 243 - -107 - (0 - 58)
41
Evaluate (-26 - -10 - -23) + (64 - 82).
-11
Calculate -7 + (21 - 16) + -15.
-17
What is the value of (-57 - 4) + (-25 - (-60 + 22))?
-48
-47 + 15 + 13 - (125 + (-26 - -15))
-133
(11 + -6 - 1) + -11 + (48 - 5 - 5)
31
What is the value of 0 + -7 + 5 + (17 + (-2 - -11) - 3)?
21
-3 + 20 - (29 - ((-18 - -7) + -73))
-96
What is (3 - -2) + (1190 - 1196)?
-1
(-55 - -64) + 1 + 45
55
What is the value of 1 + (-3 - -2) + -15 + (3 - -1)?
-11
Calculate -133 - -12 - -5 - (80 - 54).
-142
Evaluate (12 - ((-4 + 7 - (10 - 21)) + 4)) + 45.
39
What is -15 - (-12 - -41) - 13 - -9?
-48
Evaluate (-3 - 3) + 25 + -18 + -56.
-55
Evaluate (30 - 58) + 24 + -35.
-39
What is the value of -134 - (-104 + -25) - 105?
-110
32 + 14 + (-4 - (-20 + 32)) + 4 + 3
37
What is 28 - (-38 - -61) - (50 - (-5 + 2))?
-48
-164 + 100 + (10 - -45)
-9
-7 + (-12 - (-6 + 2 + -14)) + 35
34
What is -72 - (40 + -84) - -93?
65
Calculate 2 + -1 + -2 - 91 - (-20 + (128 - 120)).
-80
What is the value of 179 + -1 + -149 - (-19 + -1)?
49
Calculate (-3 - (10 + -12)) + -10 + 56 + 13.
58
Calculate 130 + (127 - 214) - 51.
-8
Calculate (-5 - (10 - -38)) + (3 - (4 - 1)).
-53
What is -41 + (11 - 106 - -70)?
-66
Evaluate -3 + -4 + (-64 - -9) - (-88 + 77).
-51
What is -9450 - -9416 - (-2 - -2 - 57)?
23
Calculate 46 + -14 + -28 - (5 + 17).
-18
What is 80 + (7 - (17 - -1) - -18) - -9?
96
Evaluate -4 + 61 + -2 + -65.
-10
What is -26 - (6 + (-13 - -5)) - (8 - -5)?
-37
Calculate (17 - 40) + 31 - (0 + -8 + 86).
-70
Calculate (11 - 12) + -3 + 12 + -6 - (3 - 74).
73
Evaluate -14 + 6 + -47 + (2 + 0 + -2 - -9).
-46
Calculate 85 - 71 - ((-18 - -8) + 27).
-3
What is 0 - (8 - 39 - (-17 + 1))?
15
Evaluate (40 - (-112 + 153)) + (0 - (-1 + 1 + 63)).
-64
136 - 175 - (-17 - -18)
-40
What is -13 + 5 + -18 + 23 + 1 - -42?
40
What is 4 - ((-7 - (0 + 10 + -5)) + 8 - -56)?
-48
What is 1 + 0 + 2 - 0 - (73 - (25 - 6))?
-51
What is the value of (57 - -1) + 4991 + -5009?
40
-54 - (-1672 + 1688 + (-2 - -3 - 12))
-59
Calculate (15 + -20 - -151) + -277.
-131
What is 4 + (1 - 3 - 0) - (2190 - 2184)?
-4
Evaluate -62 + -60 + 28 + 49.
-45
4 + (4 + 0 - (120 + -115)) + 63
66
What is the value of 0 - 11 - ((1 - -26) + (760 - 696)) - -13?
-89
What is (7 - (54 - -10)) + 13 - (14 + -8)?
-50
-9 - 122 - 8 - (-141 + 133)
-131
What is -2049 - -1994 - (-24 + -2)?
-29
What is the value of 3 + (24 - 22) + 19?
24
Evaluate 2 + 3 - (14 + -2 - ((-1 - 12) + 14)).
-6
Calculate -5 + 3 + 1 - (0 + 4 + 0 - -27).
-32
Evaluate -79 + 40 + 19 + 9.
-11
What is 5 + 1 + -2 - (39 - (51 - -6))?
22
What is the value of 43 + -29 + -60 + 52?
6
-4 + 22 + (29 - 32) - -44
59
What is the value of -32 - (195 - (13 - -144))?
-70
What is the value of -41 - (-79 - (-15 - -15))?
38
Calculate (-2 - (67 + -19)) + 4 + 20.
-26
Evaluate (9 + -6 - -7) + (-1 - 9).
0
Evaluate (11 + -4 - -18) + 3 - 24.
4
Calculate 56 + -21 - (-3 - -17).
21
15 + -4 + (-62 - (3 + -1)) + 7
-46
Calculate 27 - 16 - (3 + (-5 - -6)) - (-5 - -82).
-70
What is 1295 - 1281 - (-4 - (-3 + -66) - -2)?
-53
What is the value of (1 + 1 - (-29 + 43 + -46)) + 1?
35
What is -25 + (24 - (-2 - (72 + 14)))?
87
Evaluate 13 - -90